23302510
Convert -58906 (base 11) to base 13.
-2c886
Convert -3a6b0c (base 16) to base 12.
-1347690
Convert -11111011000011000001 (base 2) to base 8.
-3730301
Convert -110100111000011 (base 2) to base 4.
-12213003
Convert 37300 (base 14) to base 2.
100000111110000100
-1032213 (base 4) to base 6
-35143
Convert 100301001121 (base 4) to base 14.
8259d7
What is -11188771 (base 9) in base 2?
-10100101110010001011010
What is 11001101011001111001 (base 2) in base 3?
1120202002122
Convert -102221113022 (base 4) to base 5.
-2222404020
-82468 (base 9) to base 15
-11172
-12623 (base 7) to base 11
-260a
Convert -137916 (base 14) to base 6.
-22240400
-e143 (base 16) to base 13
-2032c
5b1b2a (base 16) to base 8
26615452
Convert -14413415 (base 9) to base 7.
-114544121
What is -3171272 (base 10) in base 4?
-30012033020
What is 5766853 (base 9) in base 12?
10627a0
-113311000 (base 5) to base 16
-805b6
What is -347492 (base 11) in base 16?
-86ac3
What is -13120110133 (base 4) in base 8?
-7302437
-12413201 (base 6) to base 11
-258347
What is -eca755 (base 15) in base 8?
-53003653
What is 226507 (base 8) in base 6?
1353023
-84823 (base 16) to base 9
-1016461
Convert 2451b3 (base 12) to base 9.
1087610
What is -6326605 (base 8) in base 12?
-691a31
Convert a6e22 (base 15) to base 14.
db066
What is 12424523 (base 6) in base 5?
101024003
What is 1232560 (base 7) in base 6?
3230051
15551566 (base 7) to base 3
2211122020001
Convert 102131 (base 15) to base 6.
24232044
Convert -108cb (base 16) to base 6.
-1241455
What is 45261032 (base 7) in base 13?
a78226
What is -b38c52 (base 13) in base 2?
-1111111110110110001001
Convert 1232733 (base 8) to base 4.
1103113123
Convert -45e2b3 (base 15) to base 8.
-14570375
3168 (base 16) to base 4
3011220
Convert -73d924 (base 15) to base 6.
-314101054
-213112044 (base 5) to base 7
-10510601
What is -b2c7e (base 16) in base 14?
-150c22
What is 100110110001010101 (base 2) in base 16?
26c55
Convert -564380 (base 13) to base 14.
-3b0606
25011302 (base 6) to base 10
794774
575037 (base 10) to base 11
363041
Convert -51c960 (base 13) to base 12.
-783079
11220223 (base 5) to base 2
11000101111000001
Convert 52012 (base 13) to base 6.
3053314
-9fff3 (base 16) to base 11
-408410
What is 4455251 (base 6) in base 13?
7b78a
What is -11120122212121 (base 3) in base 8?
-11221767
100110110101000111101100 (base 2) to base 6
1002101124
Convert 81a531 (base 12) to base 10.
2029429
Convert 10001112010 (base 4) to base 12.
42a004
1010000110010011 (base 2) to base 6
515255
What is -101020222220002 (base 3) in base 12?
-19ab1a8
Convert -aa7eb (base 15) to base 13.
-15c7b8
Convert 4533c7 (base 13) to base 5.
404311423
What is 115223420 (base 6) in base 4?
20123333010
-53140155 (base 6) to base 14
-2c5bb9
What is 11222000001112 (base 3) in base 13?
7146b6
What is -46afea (base 16) in base 5?
-2141220204
207a7 (base 15) to base 16
19246
-201060 (base 8) to base 10
-66096
Convert 11010111000011111 (base 2) to base 10.
110111
Convert 1526464 (base 7) to base 11.
132956
Convert -11002222121 (base 3) to base 16.
-13c0c
-10220444112 (base 5) to base 8
-50706701
-a312 (base 13) to base 6
-252044
-20110112110121 (base 3) to base 13
-933898
Convert 4020312 (base 8) to base 16.
1020ca
Convert -1107149 (base 10) to base 3.
-2002020201112
Convert -10101000000110011011100 (base 2) to base 5.
-2402231231
Convert -3401b89 (base 12) to base 11.
-5690683
Convert -25522a (base 12) to base 2.
-10010101000000000010
-113000312033 (base 4) to base 2
-10111000000110110001111
1123443 (base 6) to base 12
29583
What is -16166014 (base 7) in base 3?
-2221101122111
What is 4510350 (base 8) in base 10?
1216744
303130 (base 6) to base 12
11aa6
-616c6d (base 14) to base 10
-3284273
What is 2022110021110 (base 3) in base 4?
10230013233
Convert -1888137 (base 11) to base 5.
-1304003111
2b8ba (base 12) to base 5
3434044
Convert 49dd (base 16) to base 8.
44735
Convert -51301a (base 13) to base 10.
-1891640
What is -500352205 (base 6) in base 13?
-1991423
Convert 6475d (base 15) to base 7.
2465530
What is -427ef0 (base 16) in base 12?
-1561b00
3122512 (base 6) to base 10
150956
What is -50a6aa (base 12) in base 8?
-4641542
Convert 101010000111100001 (base 2) to base 13.
606a3
-554055 (base 7) to base 8
-276254
232358 (base 9) to base 13
4b686
Convert -300101113 (base 4) to base 2.
-110000010001010111
-13235132 (base 6) to base 3
-211101020002
What is 37542 (base 15) in base 4?
223020233
What is -40359 (base 15) in base 10?
-203259
Convert -5772 (base 14) to base 7.
-62202
What is 123032120 (base 5) in base 11?
377797
26c2a4 (base 13) to base 12
394530
What is -110011001100101100 (base 2) in base 9?
-348588
Convert -99a314 (base 11) to base 7.
-16361621
What is -1168681 (base 10) in base 4?
-10131110221
What is 3333230211 (base 4) in base 6?
34240433
What is -12034201 (base 6) in base 16?
-5c4d9
Convert -1183a57 (base 11) to base 3.
-10212101221022
Convert -99e9ed (base 16) to base 6.
-1000110325
41320 (base 7) to base 3
111212101
-111112230203 (base 4) to base 14
-a5a123
What is -3846115 (base 9) in base 7?
-23553644
Convert 6143304 (base 7) to base 14.
15143b
23962d (base 14) to base 5
302414214
What is -186683 (base 9) in base 6?
-2255120
What is 98014 (base 15) in base 4?
1311311110
345251 (base 9) to base 11
131784
Convert 235750 (base 10) to base 7.
2001214
-2ba6a2 (base 12) to base 6
-23540322
Convert 363789 (base 10) to base 12.
156639
75888 (base 9) to base 10
50300
Convert -2b76b (base 14) to base 12.
-52943
Convert 2295c6 (base 15) to base 9.
3086616
Convert 54a254 (base 12) to base 3.
2112022122001
-320400 (base 5) to base 7
-43161
Convert -5b68c (base 14) to base 2.
-110110100101001100
-1110001101111010010010 (base 2) to base 15
-4d9464
1554e4 (base 16) to base 13
39c417
Convert 372730 (base 10) to base 12.
15b84a
Convert -7460223 (base 8) to base 7.
-22631043
Convert 351372 (base 8) to base 9.
201878
Convert -142350540 (base 6) to base 3.
-12111111011120
Convert -17350442 (base 8) to base 12.
-143456a
4223401 (base 5) to base 15
15d36
55294 (base 10) to base 5
3232134
-3f242 (base 16) to base 6
-5313202
What is 11324140 (base 5) in base 6?
2125424
What is 36294 (base 12) in base 4?
101310100
d749 (base 14) to base 16
90f5
Convert -101101001111201 (base 3) to base 12.
-1a1a017
Convert -17533174 (base 8) to base 14.
-78db1a
-20503137 (base 9) to base 16
-96813d
Convert -10111111101010101110010 (base 2) to base 9.
-12732272
221150442 (base 6) to base 10
3980186
What is 201011002011 (base 3) in base 5?
44030301
-210020011011122 (base 3) to base 14
-16d9424
What is 196ee3 (base 16) in base 10?
1666787
1984391 (base 10) to base 5
1002000031
What is -21123010 (base 5) in base 12?
-86272
Convert 6817a0 (base 13) to base 3.
11121222011002
-34451 (base 6) to base 14
-1b1d
Convert -357160 (base 9) to base 7.
-1554243
Convert 12307b (base 13) to base 7.
3461352
What is 2045c (base 14) in base 8?
227602
3958675 (base 11) to base 12
2363517
What is -231103003 (base 4) in base 9?
-312454
270476 (base 8) to base 11
65023
Convert -141024213 (base 5) to base 3.
-1100121102100
Convert 554312 (base 11) to base 2.
11010111110111000000
Convert 11101110010011001011000 (base 2) to base 13.
1805297
Convert -24260507 (base 8) to base 15.
-705399
Convert 31cc2 (base 13) to base 8.
257722
What is 210220002201 (base 3) in base 10?
430912
Convert -263ead (base 15) to base 5.
-432222223
What is -268b114 (base 12) in base 13?
-177b04a
What is -20220112210102 (base 3) in base 10?
-3671822
Convert 21735 (base 14) to base 10.
80995
What is 15757152 (base 8) in base 15?
4c4ce8
What is -341331202 (base 5) in base 6?
-52221203
Convert 1000122112 (base 3) to base 12.
b7b8
What is 314442241 (base 5) in base 13?
3764c1
Convert -1010010110100110001111 (base 2) to base 5.
-1143321444
What is 4d127 (base 16) in base 3?
121001001010
What is 10123411 (base 5) in base 3?
11012211101
Convert -70678 (base 12) to base 4.
-203222330
Convert -336564 (base 7) to base 6.
-1141353
Convert 1101001001001010010100 (base 2) to base 3.
20111001012021
5055112 (base 6) to base 8
726364
Convert 462463 (base 7) to base 14.
22133
-298258 (base 12) to base 10
-698468
Convert -27cba (base 13) to base 11.
-51123
Convert 41431023 (base 5) t